ue
Suppose 12 = 5*i + 2. Is (i + -1)/(-1)*-163 composite?
False
Let i be 4/(-6)*(-9)/(-6). Is -7 - -48 - (i + -1) a prime number?
True
Is ((-422)/3)/((-7)/21) composite?
True
Suppose 19*v = 20*v - 121. Is v composite?
True
Suppose 0 = -4*x - 5*c + 1616, c = 2 + 2. Suppose -f = 2*f - x. Is f a composite number?
True
Suppose -847 = -3*j - 94. Is j prime?
True
Let h(x) = 61*x - 3. Let a be 5/15 + 10/6. Is h(a) a prime number?
False
Suppose l = 6*l - 65. Suppose 0 = -p + 2*p - l. Is p prime?
True
Let w be 11/6 + 1/6. Is (-421)/(-2) - w/(-4) a composite number?
False
Suppose b - 4*b - 3 = 0, -b - 2 = -f. Suppose 4*y + 6 = 5*y. Is 106*3*f/y a composite number?
False
Let w(y) = -y**3 - 4*y**2 - 3*y - 4. Let a be w(-5). Suppose 5*x + 0 = -5*b - 35, -4*b + 4*x = a. Is (-202)/b - (-3)/(-12) composite?
True
Let g(p) = p**3 - 5*p**2 + 8*p + 5. Suppose 0 = -5*r + 4*r + 6. Is g(r) a composite number?
False
Suppose 0*c + k - 2633 = -c, 0 = 2*c - 4*k - 5254. Is c a composite number?
True
Let m(s) = 5*s**2 + 5*s - 178. Let g(p) = -p**2 - p. Let y(b) = -4*g(b) - m(b). Let d be y(0). Let j = 265 - d. Is j composite?
True
Suppose 5*o - 510 = -4*d, 0 = -5*o + 3*o + 3*d + 227. Is o prime?
False
Let u(z) = 3*z**2 - 12*z + 9. Let q(o) = -13*o**2 + 49*o - 36. Let x(l) = -2*q(l) - 9*u(l). Let y be x(8). Is (y + -4)*28/6 a composite number?
True
Let v = 488 - -53. Is v prime?
True
Suppose 3*d = 5*h - 679 - 273, 4*h - 3*d = 761. Is h a prime number?
True
Suppose -4*c = -0*c - 2*i - 10, 3*c - 8 = i. Suppose -12 = c*a, b + 2*b + 3*a = 225. Is b prime?
True
Let s = 189 + 142. Is s a prime number?
True
Let r be (-20)/12 + 4/6. Let y be (r/2)/((-5)/40). Suppose -12 = -y*q, 0 = 5*m - q - 4*q + 5. Is m a prime number?
True
Suppose 0 = 6*v - 3*v + 9, 4*i - 3*v = 17. Is i a prime number?
True
Suppose -c = -4*c - 198. Let u = 116 + c. Let f = -29 + u. Is f composite?
True
Let n = 300 + 551. Is n composite?
True
Let l be ((-44)/(-10))/((-5)/(-25)). Suppose 6 = 4*c + 5*t, -5*t - l = -c - 2*c. Suppose -5*j - c*q + 186 = 0, 5*q = 15 + 5. Is j prime?
False
Let g(o) = -10*o**3 + o**2 + o. Let b = 12 - 13. Is g(b) prime?
False
Let o(c) = -c**2 - 10*c - 12. Let w be o(-8). Suppose -2*i = -w*i. Suppose 3*x + 2*q - 109 = i, 4*x - 130 = 7*q - 2*q. Is x composite?
True
Suppose -2*s + 8 = 2*s. Suppose s*r = 6*r - 364. Is r a composite number?
True
Let l = -165 + 544. Is l a prime number?
True
Suppose -4*t + 43 = 5*j, t = -2*j + 11 + 8. Suppose -26 + j = -5*i. Suppose 4*f + 98 = 2*m, -2*m - i*f = -0*f - 119. Is m composite?
True
Let w = -16 - -6. Let x(y) = y**3 - 6*y**2 + 4*y - 7. Let t be x(6). Let j = t + w. Is j a composite number?
False
Let o = 1207 + -210. Is o composite?
False
Let z(s) = -83*s - 5. Let r be z(-2). Suppose r = 4*u - 323. Is u composite?
True
Suppose s - 4*h = 1, -3*h + 4 = h. Suppose -295 = -s*f + 180. Is f composite?
True
Let y(z) = 0*z**2 + z + 5*z + 3*z**2 + 4. Let v be y(-4). Let t = v + -17. Is t a composite number?
False
Let k(l) = 2*l + 1. Let g be k(3). Suppose u - g = -2*o, 0*o + 3*u + 9 = -o. Let m(r) = 2*r**2 - 7*r + 5. Is m(o) prime?
False
Suppose 5*z = -5*y + 3*z - 1, 0 = 2*z + 6. Let u = 3 - y. Let p = u - -13. Is p composite?
True
Let g(j) = j**3 - 3*j + 6. Let b be g(5). Let m = 11 + b. Is m a composite number?
False
Suppose -5*c + c - 24 = 0. Let i = c - -8. Suppose 0 = i*g - 26 - 20. Is g a prime number?
True
Let d(m) = -5*m**3 + m**2 + m - 1. Let f be d(1). Let p be (-22)/f - (-7)/14. Is p - 3 - (-119 - 1) composite?
True
Is 70092/20 - 6/(-15) composite?
True
Let o = 170 - -83. Is o composite?
True
Let h(u) = 23*u - 19. Is h(10) prime?
True
Suppose -55 = -0*o - 5*o. Suppose -5*r + 0*m = m - o, -2*r = -m - 10. Suppose -r*y = -0*y - 447. Is y composite?
False
Suppose 15 = b - 7. Is (-9)/(-3) + -3 + b composite?
True
Let r(s) be the third derivative of s**5/60 - s**3/3 - 3*s**2. Let q be r(-7). Let t = q - 28. Is t a prime number?
True
Let t be (-2 + 1)/((-3)/(-33)). Let s = -15 - t. Let f = 19 - s. Is f prime?
True
Suppose -4*w + 400 = 2*d + 3*d, 2*d = 3*w - 277. Suppose 5*u = -2*o + 83, -o - w = -3*o - u. Suppose 4*a = o + 163. Is a a prime number?
True
Suppose 7 = 4*n - 17. Let w = -6 - -11. Suppose -w*j - n = -131. Is j a composite number?
True
Suppose 5*i + 92 = y + 18, 0 = 4*i. Suppose 5*j - 89 = 3*u, 4*j - u - y = -0*j. Is j composite?
False
Let n = -47 + 47. Suppose -3*z - 2*z - 170 = -5*d, 3*d - 96 = -3*z. Suppose 2*w - 3*v = -n*w + 59, -w - 2*v = -d. Is w composite?
False
Let r = 0 - -7. Let a(p) = 2*p**2 + 0*p + r*p + 5*p**2 - p**3. Is a(5) prime?
False
Suppose 6*z = z + 1165. Let p = -124 + z. Is p prime?
True
Let b(l) = l**3 - 4*l**2 + 15*l - 21. Is b(11) composite?
False
Suppose 0 = 5*u + 5, w + 2*u - 84 = 221. Is w a prime number?
True
Let s(i) = i**3 - 12*i**2 + 2. Let k be s(12). Suppose -4*v = k*u - 270, 2*u + v - 2*v - 285 = 0. Is u a composite number?
True
Let f be 1*(-1)/2*-8. Let h be (1/1 - 2)*-2. Is h/(-3)*(-282)/f a prime number?
True
Suppose 672 = 2*l - 5*g, -5*l + 0*l + 1657 = -g. Is l a composite number?
False
Let g(l) = l**3 + 4*l**2 - 2*l - 4. Let h be g(-4). Let p = 0 + h. Suppose -97 = 3*q + 4*d - 258, -p*q + d = -221. Is q prime?
False
Let t = 6 - -2. Let k = 1 + t. Is k composite?
True
Suppose 4*i - 8759 = 14337. Is i prime?
False
Suppose -2049 - 3491 = -5*r. Let k = r - 735. Is k a prime number?
True
Let a(s) = -9*s - 2. Let m be a(2). Let t = m - -34. Is t composite?
True
Let p(z) = -4*z + 4. Let j be p(6). Let b = j + 33. Is b prime?
True
Let j(a) = -11*a + 4. Is j(-3) a prime number?
True
Let b = -582 - -1093. Is b a prime number?
False
Suppose 2*m - 5*f = -368, -3*f + 736 = -2*m - 2*m. Let q = m - -387. Is q prime?
False
Let d(p) = 15*p**3 - 2*p**2 + 1. Suppose -4*w - 4*s = -0*w + 24, -27 = 5*w + 4*s. Let g = w - -4. Is d(g) prime?
False
Suppose 0 = l - 6*l + 45. Is 1*(80 + l/(-3)) composite?
True
Let c(o) = -o**2 - o. Let l(z) = -z**2 + 3*z + 1. Let a(w) = -2*c(w) - l(w). Is a(-5) composite?
False
Suppose -4*t = -12, 3*t + 132 = 3*n - 2*t. Is n a composite number?
True
Let b = -375 + 770. Suppose 0 = -6*c + c + b. Is c prime?
True
Suppose -5*b + 118 + 37 = 0. Is b composite?
False
Let v(w) = 1238*w**2 - w + 1. Let k be v(1). Suppose 0 = 4*d - 0*d + s - 1653, -s - k = -3*d. Is d prime?
False
Let z be (-3)/(-21) - 2307/(-21). Is (z/6 + 1)*3 a composite number?
True
Let i(x) = x**3 - 5*x**2 + 6*x - 4. Let q be i(4). Suppose 4*l - 2*s = 0, -7*s + q*s = 5*l - 22. Is (-36 + 3)/((-3)/l) a prime number?
False
Let k be -1 + 4 - 0/2. Let d(o) = 2*o - 4*o**3 + 5*o**3 - 5*o**2 + k + 0*o. Is d(6) prime?
False
Suppose -16 = -5*u + 9. Suppose -u*j + 2*x + 8 = 0, j + 0*x - 2*x = 0. Is j/((-12)/57)*-14 a composite number?
True
Let k(m) = -70*m**2 + m + 2. Let i be k(-1). Let d = 182 + i. Is d a prime number?
True
Let y be -2 + 2 - 1 - -4. Let f = y + -1. Is (-177)/(-12)*(f - -2) composite?
False
Suppose 7*l - 2*l = 0. Suppose l = r - 2*r. Is 203 + 1 + -1 + r a prime number?
False
Let k = -239 + 492. Is k a prime number?
False
Suppose 3*w = b + 3*b - 823, b + 848 = -3*w. Let u(f) = 444*f**2 + 3*f + 1. Let o be u(-1). Let p = w + o. Is p prime?
False
Suppose a = 5*l + 623, 0 = -3*a - l - 0*l + 1901. Is a composite?
True
Let u(l) = l**3 + l**2 + 2*l + 265. Is u(0) prime?
False
Suppose -n = -0*n + 9. Let l(m) = m**2 - 8*m + 6. Is l(n) composite?
True
Let b be (-3)/(-4) + 4/16. Is 16 - (-3)/((-3)/b) composite?
True
Let a(q) = -q**3 - 5*q**2 - 4*q + 3. Let u be a(-4). Suppose -u*l + 4*k = -3, 17 = l - 0*l + 4*k. Suppose -l*w + 294 = -191. Is w a composite number?
False
Let u(v) = -8*v + 1. Let z(n) = -2*n. Suppose 5*b + 2*x - 4*x = 132, 0 = 3*b + x - 77. Let f(p) = b*z(p) - 6*u(p). Is f(-5) a prime number?
False
Let r be (-3 - 0)/(-9)*15. Suppose -r*j + 5*h + 143 + 197 = 0, -2*h = -j + 71. Is j composite?
True
Let n = 6 + -8. Let h be 1 - (-2 + 2 + n). Suppose 3*a = -5*i + 745, 5*i + h*a - 2*a = 745. Is i a prime number?
True
Suppose -12226 = -4*v + 2*z, 1412 = 2*v + 4*z - 4696. Suppose -v = -4*u - 4*r + 1172, -4*r = -4*u + 4260. Is u composite?
False
Let i = 14 - 11. Suppose 2*d + d = -i*h + 660, -1130 = -5*d + 5*h. Is d prime?
True
Let l = 255 - 77. Is l a prime number?
False
Let n be 0 + -1*27 + -1. Is ((-2)/(-4))/((-2)/n) composit